{"id":72,"date":"2022-01-14T09:56:26","date_gmt":"2022-01-14T08:56:26","guid":{"rendered":"https:\/\/www.feuges.fr\/?page_id=72"},"modified":"2022-01-14T09:56:26","modified_gmt":"2022-01-14T08:56:26","slug":"accueil","status":"publish","type":"page","link":"https:\/\/www.feuges.fr\/","title":{"rendered":"Accueil"},"content":{"rendered":"\n<p class=\"has-text-align-center\">Bienvenue sur le site de la commune de Feuges. Petit village de l&rsquo;Aube dans la r\u00e9gion Champagne-Ardenne faisant partie du canton d&rsquo;Arcis-sur-Aube, Feuges est habit\u00e9 par 326 habitants pour une superficie de 10,99 km\u00b2.<\/p>\n\n\n\n<p class=\"has-text-align-center\">Nous sommes heureux, le Conseil Municipal et moi-m\u00eame, de vous accueillir sur cette fen\u00eatre ouverte vers internet.<\/p>\n\n\n\n<p class=\"has-text-align-center\">Si vous avez des id\u00e9es ou des propositions \u00e0 nous soumettre concernant le contenu \u00e9ditorial de ce site ou les services que vous souhaiteriez y trouver n\u2019h\u00e9sitez pas \u00e0 nous contacter \u00e0 l\u2019adresse suivante: <a href=\"mailto:mairie.feuges@wanadoo.fr\" target=\"_blank\" rel=\"noreferrer noopener\">mairie.feuges@wanadoo.fr<\/a>, ainsi que sur la page \u00ab contact \u00bb qui se trouve dans \u00ab la commune \u00bb.<\/p>\n\n\n\n<p class=\"has-text-align-center\">Le Maire.<\/p>\n","protected":false},"excerpt":{"rendered":"<p>Bienvenue sur le site de la commune de Feuges. Petit village de l&rsquo;Aube dans la r\u00e9gion Champagne-Ardenne faisant partie du canton d&rsquo;Arcis-sur-Aube, Feuges est habit\u00e9 par 326 habitants pour une superficie de 10,99 km\u00b2. Nous sommes heureux, le Conseil Municipal et moi-m\u00eame, de vous accueillir sur cette fen\u00eatre ouverte vers internet. Si vous avez des [&hellip;]<\/p>\n","protected":false},"author":1,"featured_media":0,"parent":0,"menu_order":0,"comment_status":"closed","ping_status":"closed","template":"","meta":{"footnotes":""},"class_list":["post-72","page","type-page","status-publish","hentry"],"_links":{"self":[{"href":"https:\/\/www.feuges.fr\/index.php?rest_route=\/wp\/v2\/pages\/72","targetHints":{"allow":["GET"]}}],"collection":[{"href":"https:\/\/www.feuges.fr\/index.php?rest_route=\/wp\/v2\/pages"}],"about":[{"href":"https:\/\/www.feuges.fr\/index.php?rest_route=\/wp\/v2\/types\/page"}],"author":[{"embeddable":true,"href":"https:\/\/www.feuges.fr\/index.php?rest_route=\/wp\/v2\/users\/1"}],"replies":[{"embeddable":true,"href":"https:\/\/www.feuges.fr\/index.php?rest_route=%2Fwp%2Fv2%2Fcomments&post=72"}],"version-history":[{"count":1,"href":"https:\/\/www.feuges.fr\/index.php?rest_route=\/wp\/v2\/pages\/72\/revisions"}],"predecessor-version":[{"id":73,"href":"https:\/\/www.feuges.fr\/index.php?rest_route=\/wp\/v2\/pages\/72\/revisions\/73"}],"wp:attachment":[{"href":"https:\/\/www.feuges.fr\/index.php?rest_route=%2Fwp%2Fv2%2Fmedia&parent=72"}],"curies":[{"name":"wp","href":"https:\/\/api.w.org\/{rel}","templated":true}]}}