{"id":78,"date":"2022-01-14T09:59:03","date_gmt":"2022-01-14T08:59:03","guid":{"rendered":"https:\/\/www.feuges.fr\/?page_id=78"},"modified":"2024-09-11T11:29:06","modified_gmt":"2024-09-11T09:29:06","slug":"leglise","status":"publish","type":"page","link":"https:\/\/www.feuges.fr\/?page_id=78","title":{"rendered":"L&rsquo;\u00c9glise"},"content":{"rendered":"\n<p class=\"has-text-align-center\">Feuges fait partie de l&rsquo;ensemble paroissial de Charmont sous Barbuise. Il est compos\u00e9 de\u00a07 communes\u00a0: Aubeterre, Charmont sous Barbuise, Feuges, Luy\u00e8res, Montsuzain, Vailly et Vou\u00e9. Cet ensemble fait partie de l&rsquo;espace Plaine et Lacs dont le coordinateur est l\u2019Abb\u00e9 Narcisse ELEMBA. <\/p>\n\n\n\n<figure class=\"wp-block-image size-large\"><img fetchpriority=\"high\" decoding=\"async\" width=\"1024\" height=\"574\" src=\"https:\/\/www.feuges.fr\/wp-content\/uploads\/2022\/01\/eglise-1-1024x574.jpg\" alt=\"\" class=\"wp-image-14\" srcset=\"https:\/\/www.feuges.fr\/wp-content\/uploads\/2022\/01\/eglise-1-1024x574.jpg 1024w, https:\/\/www.feuges.fr\/wp-content\/uploads\/2022\/01\/eglise-1-300x168.jpg 300w, https:\/\/www.feuges.fr\/wp-content\/uploads\/2022\/01\/eglise-1-768x431.jpg 768w, https:\/\/www.feuges.fr\/wp-content\/uploads\/2022\/01\/eglise-1-1536x862.jpg 1536w, https:\/\/www.feuges.fr\/wp-content\/uploads\/2022\/01\/eglise-1-2048x1149.jpg 2048w, https:\/\/www.feuges.fr\/wp-content\/uploads\/2022\/01\/eglise-1-1568x880.jpg 1568w\" sizes=\"(max-width: 1024px) 100vw, 1024px\" \/><\/figure>\n\n\n\n<h4 class=\"wp-block-heading has-text-align-center\">Notre ensemble paroissial<\/h4>\n\n\n\n<p class=\"has-text-align-center\"><strong><br><br>&#8211;<\/strong> l\u2019Abb\u00e9 <strong>Narcisse ELEMBA<\/strong>, pr\u00eatre mod\u00e9rateur des quatre ensembles&nbsp;: Arcis sur Aube, Charmont sous Barbuise, Mailly le Camp, Ramerupt\/Dampierre.<br><br>Il r\u00e9side au Presbyt\u00e8re d\u2019Arcis sur Aube &#8211; T\u00e9l : <strong>03 25 37 85 98<\/strong> : permanence le jeudi de 9h00 \u00e0 11h00.<\/p>\n\n\n\n<p class=\"has-text-align-center\"><br><br><\/p>\n\n\n\n<h4 class=\"wp-block-heading\">Pour les grands \u00e9v\u00e8nements de la vie des feugeois :<\/h4>\n\n\n\n<p>Naissance&nbsp;\/ bapt\u00eame&nbsp;:&nbsp;&nbsp; S\u2019adresser&nbsp;\u00e0 Madame <strong>Alice DUMONT <\/strong>&#8211; T\u00e9l : 07 85 35 65 41<\/p>\n\n\n\n<p>Mariage&nbsp;:&nbsp;&nbsp;&nbsp;&nbsp;&nbsp;&nbsp;&nbsp;&nbsp;&nbsp;&nbsp;&nbsp;&nbsp;&nbsp;&nbsp;&nbsp;&nbsp;&nbsp;&nbsp;&nbsp;&nbsp;&nbsp;&nbsp; S\u2019adresser&nbsp;\u00e0 Mme <strong>Lucie GUILLEMAILLE<\/strong> &#8211; T\u00e9l : 03 25 37 34 41<\/p>\n\n\n\n<p>S\u00e9pulture&nbsp;\/ deuil&nbsp;:&nbsp;&nbsp;&nbsp;&nbsp;&nbsp;&nbsp;&nbsp;&nbsp; S\u2019adresser&nbsp;\u00e0 M. <strong>Gilbert MOUGE<\/strong> &#8211; T\u00e9l : 03 25 41 04 28<\/p>\n\n\n\n<p>Cat\u00e9chisme&nbsp;:&nbsp;&nbsp;&nbsp;&nbsp;&nbsp;&nbsp;&nbsp;&nbsp;&nbsp;&nbsp;&nbsp;&nbsp;&nbsp;&nbsp;&nbsp;&nbsp;&nbsp;&nbsp; S\u2019adresser&nbsp;\u00e0 Mme <strong>Marie-Paule LAURENT<\/strong> &#8211; T\u00e9l : 03 25 41 00 24<\/p>\n\n\n\n<br><br><br>\n\n\n\n<p>Pour avoir des informations r\u00e9guli\u00e8res sur la vie des quatre ensembles paroissiaux cit\u00e9s plus haut, vous pouvez vous abonner au mensuel \u00ab\u00a0Ensemble\u00a0\u00bb, l\u2019abonnement annuel \u00e9tant de 10 euros.&nbsp;<strong>Contacter Madame LEFEBVRE &#8211;&nbsp;T\u00e9l : 03 25 41 01 92.<\/strong><\/p>\n\n\n\n<h3 class=\"wp-block-heading has-text-align-center\">Un petit peu d&rsquo;histoire :<\/h3>\n\n\n\n<figure class=\"wp-block-gallery has-nested-images columns-default is-cropped wp-block-gallery-1 is-layout-flex wp-block-gallery-is-layout-flex\">\n<figure class=\"wp-block-image size-large\"><img decoding=\"async\" width=\"575\" height=\"1024\" data-id=\"53\" src=\"https:\/\/www.feuges.fr\/wp-content\/uploads\/2022\/01\/vitrail-575x1024.jpg\" alt=\"\" class=\"wp-image-53\" srcset=\"https:\/\/www.feuges.fr\/wp-content\/uploads\/2022\/01\/vitrail-575x1024.jpg 575w, https:\/\/www.feuges.fr\/wp-content\/uploads\/2022\/01\/vitrail-168x300.jpg 168w, https:\/\/www.feuges.fr\/wp-content\/uploads\/2022\/01\/vitrail-768x1369.jpg 768w, https:\/\/www.feuges.fr\/wp-content\/uploads\/2022\/01\/vitrail-862x1536.jpg 862w, https:\/\/www.feuges.fr\/wp-content\/uploads\/2022\/01\/vitrail-1149x2048.jpg 1149w, https:\/\/www.feuges.fr\/wp-content\/uploads\/2022\/01\/vitrail-1568x2795.jpg 1568w, https:\/\/www.feuges.fr\/wp-content\/uploads\/2022\/01\/vitrail-scaled.jpg 1436w\" sizes=\"(max-width: 575px) 100vw, 575px\" \/><\/figure>\n\n\n\n<figure class=\"wp-block-image size-large\"><img decoding=\"async\" width=\"1024\" height=\"574\" data-id=\"20\" src=\"https:\/\/www.feuges.fr\/wp-content\/uploads\/2022\/01\/eglise-dedans-1-1024x574.jpg\" alt=\"\" class=\"wp-image-20\" srcset=\"https:\/\/www.feuges.fr\/wp-content\/uploads\/2022\/01\/eglise-dedans-1-1024x574.jpg 1024w, https:\/\/www.feuges.fr\/wp-content\/uploads\/2022\/01\/eglise-dedans-1-300x168.jpg 300w, https:\/\/www.feuges.fr\/wp-content\/uploads\/2022\/01\/eglise-dedans-1-768x431.jpg 768w, https:\/\/www.feuges.fr\/wp-content\/uploads\/2022\/01\/eglise-dedans-1-1536x862.jpg 1536w, https:\/\/www.feuges.fr\/wp-content\/uploads\/2022\/01\/eglise-dedans-1-2048x1149.jpg 2048w, https:\/\/www.feuges.fr\/wp-content\/uploads\/2022\/01\/eglise-dedans-1-1568x880.jpg 1568w\" sizes=\"(max-width: 1024px) 100vw, 1024px\" \/><\/figure>\n\n\n\n<figure class=\"wp-block-image size-large\"><img loading=\"lazy\" decoding=\"async\" width=\"574\" height=\"1024\" data-id=\"10\" src=\"https:\/\/www.feuges.fr\/wp-content\/uploads\/2022\/01\/christ-574x1024.jpg\" alt=\"\" class=\"wp-image-10\" srcset=\"https:\/\/www.feuges.fr\/wp-content\/uploads\/2022\/01\/christ-574x1024.jpg 574w, https:\/\/www.feuges.fr\/wp-content\/uploads\/2022\/01\/christ-168x300.jpg 168w, https:\/\/www.feuges.fr\/wp-content\/uploads\/2022\/01\/christ-768x1369.jpg 768w, https:\/\/www.feuges.fr\/wp-content\/uploads\/2022\/01\/christ-862x1536.jpg 862w, https:\/\/www.feuges.fr\/wp-content\/uploads\/2022\/01\/christ-1149x2048.jpg 1149w, https:\/\/www.feuges.fr\/wp-content\/uploads\/2022\/01\/christ-1568x2795.jpg 1568w, https:\/\/www.feuges.fr\/wp-content\/uploads\/2022\/01\/christ-scaled.jpg 1436w\" sizes=\"(max-width: 574px) 100vw, 574px\" \/><\/figure>\n<\/figure>\n\n\n\n<p>\u00c0 l\u2019occasion des travaux de l\u2019\u00e9glise, nous avons eu le privil\u00e8ge d\u2019en tutoyer la cloche et de l\u2019examiner au plus pr\u00e8s.<\/p>\n\n\n\n<p><br>Elle porte le joli nom de&nbsp;\u00ab&nbsp; Marie Bernadette&nbsp;\u00bb, elle a pour parrain sieur Charles Delamar, n\u00e9gociant \u00e0 Troyes et pour marraine son \u00e9pouse dame Lucie-Estelle. Elle a \u00e9t\u00e9 fondue en 1888 par les \u00e9tablissements PINTANDRE fondeur \u00e0 Vitry-le-Fran\u00e7ois.<\/p>\n\n\n\n<p>Elle indique que le Maire s\u2019appelait d\u00e9j\u00e0 Bourgeois mais Celestin, que l\u2019adjoint portait le nom de D\u00e9sir\u00e9 Feug\u00e9, alors que le cur\u00e9 se nommait Hughe.<\/p>\n\n\n\n<p><\/p>\n\n\n<div class=\"wp-block-image\">\n<figure class=\"aligncenter size-full\"><img loading=\"lazy\" decoding=\"async\" width=\"224\" height=\"168\" src=\"https:\/\/www.feuges.fr\/wp-content\/uploads\/2022\/01\/cloche.jpg\" alt=\"\" class=\"wp-image-12\"\/><\/figure>\n<\/div>","protected":false},"excerpt":{"rendered":"<p>Feuges fait partie de l&rsquo;ensemble paroissial de Charmont sous Barbuise. Il est compos\u00e9 de\u00a07 communes\u00a0: Aubeterre, Charmont sous Barbuise, Feuges, Luy\u00e8res, Montsuzain, Vailly et Vou\u00e9. Cet ensemble fait partie de l&rsquo;espace Plaine et Lacs dont le coordinateur est l\u2019Abb\u00e9 Narcisse ELEMBA. Notre ensemble paroissial &#8211; l\u2019Abb\u00e9 Narcisse ELEMBA, pr\u00eatre mod\u00e9rateur des quatre ensembles&nbsp;: Arcis sur [&hellip;]<\/p>\n","protected":false},"author":1,"featured_media":0,"parent":0,"menu_order":0,"comment_status":"closed","ping_status":"closed","template":"","meta":{"footnotes":""},"class_list":["post-78","page","type-page","status-publish","hentry"],"_links":{"self":[{"href":"https:\/\/www.feuges.fr\/index.php?rest_route=\/wp\/v2\/pages\/78","targetHints":{"allow":["GET"]}}],"collection":[{"href":"https:\/\/www.feuges.fr\/index.php?rest_route=\/wp\/v2\/pages"}],"about":[{"href":"https:\/\/www.feuges.fr\/index.php?rest_route=\/wp\/v2\/types\/page"}],"author":[{"embeddable":true,"href":"https:\/\/www.feuges.fr\/index.php?rest_route=\/wp\/v2\/users\/1"}],"replies":[{"embeddable":true,"href":"https:\/\/www.feuges.fr\/index.php?rest_route=%2Fwp%2Fv2%2Fcomments&post=78"}],"version-history":[{"count":11,"href":"https:\/\/www.feuges.fr\/index.php?rest_route=\/wp\/v2\/pages\/78\/revisions"}],"predecessor-version":[{"id":1053,"href":"https:\/\/www.feuges.fr\/index.php?rest_route=\/wp\/v2\/pages\/78\/revisions\/1053"}],"wp:attachment":[{"href":"https:\/\/www.feuges.fr\/index.php?rest_route=%2Fwp%2Fv2%2Fmedia&parent=78"}],"curies":[{"name":"wp","href":"https:\/\/api.w.org\/{rel}","templated":true}]}}

L&rsquo;Église

<p class="has-text-align-center">Feuges fait partie de l&rsquo;ensemble paroissial de Charmont sous Barbuise. Il est composé de 7 communes : Aubeterre, Charmont sous Barbuise, Feuges, Luyères, Montsuzain, Vailly et Voué. Cet ensemble fait partie de l&rsquo;espace Plaine et Lacs dont le coordinateur est l’Abbé Narcisse ELEMBA. </p>



<figure class="wp-block-image size-large"><img fetchpriority="high" decoding="async" width="1024" height="574" src="https://www.feuges.fr/wp-content/uploads/2022/01/eglise-1-1024x574.jpg" alt="" class="wp-image-14" srcset="https://www.feuges.fr/wp-content/uploads/2022/01/eglise-1-1024x574.jpg 1024w, https://www.feuges.fr/wp-content/uploads/2022/01/eglise-1-300x168.jpg 300w, https://www.feuges.fr/wp-content/uploads/2022/01/eglise-1-768x431.jpg 768w, https://www.feuges.fr/wp-content/uploads/2022/01/eglise-1-1536x862.jpg 1536w, https://www.feuges.fr/wp-content/uploads/2022/01/eglise-1-2048x1149.jpg 2048w, https://www.feuges.fr/wp-content/uploads/2022/01/eglise-1-1568x880.jpg 1568w" sizes="(max-width: 1024px) 100vw, 1024px" /></figure>



<h4 class="wp-block-heading has-text-align-center">Notre ensemble paroissial</h4>



<p class="has-text-align-center"><strong><br><br>&#8211;</strong> l’Abbé <strong>Narcisse ELEMBA</strong>, prêtre modérateur des quatre ensembles&nbsp;: Arcis sur Aube, Charmont sous Barbuise, Mailly le Camp, Ramerupt/Dampierre.<br><br>Il réside au Presbytère d’Arcis sur Aube &#8211; Tél : <strong>03 25 37 85 98</strong> : permanence le jeudi de 9h00 à 11h00.</p>



<p class="has-text-align-center"><br><br></p>



<h4 class="wp-block-heading">Pour les grands évènements de la vie des feugeois :</h4>



<p>Naissance&nbsp;/ baptême&nbsp;:&nbsp;&nbsp; S’adresser&nbsp;à Madame <strong>Alice DUMONT </strong>&#8211; Tél : 07 85 35 65 41</p>



<p>Mariage&nbsp;:&nbsp;&nbsp;&nbsp;&nbsp;&nbsp;&nbsp;&nbsp;&nbsp;&nbsp;&nbsp;&nbsp;&nbsp;&nbsp;&nbsp;&nbsp;&nbsp;&nbsp;&nbsp;&nbsp;&nbsp;&nbsp;&nbsp; S’adresser&nbsp;à Mme <strong>Lucie GUILLEMAILLE</strong> &#8211; Tél : 03 25 37 34 41</p>



<p>Sépulture&nbsp;/ deuil&nbsp;:&nbsp;&nbsp;&nbsp;&nbsp;&nbsp;&nbsp;&nbsp;&nbsp; S’adresser&nbsp;à M. <strong>Gilbert MOUGE</strong> &#8211; Tél : 03 25 41 04 28</p>



<p>Catéchisme&nbsp;:&nbsp;&nbsp;&nbsp;&nbsp;&nbsp;&nbsp;&nbsp;&nbsp;&nbsp;&nbsp;&nbsp;&nbsp;&nbsp;&nbsp;&nbsp;&nbsp;&nbsp;&nbsp; S’adresser&nbsp;à Mme <strong>Marie-Paule LAURENT</strong> &#8211; Tél : 03 25 41 00 24</p>



<br><br><br>



<p>Pour avoir des informations régulières sur la vie des quatre ensembles paroissiaux cités plus haut, vous pouvez vous abonner au mensuel « Ensemble », l’abonnement annuel étant de 10 euros.&nbsp;<strong>Contacter Madame LEFEBVRE &#8211;&nbsp;Tél : 03 25 41 01 92.</strong></p>



<h3 class="wp-block-heading has-text-align-center">Un petit peu d&rsquo;histoire :</h3>



<figure class="wp-block-gallery has-nested-images columns-default is-cropped wp-block-gallery-1 is-layout-flex wp-block-gallery-is-layout-flex">
<figure class="wp-block-image size-large"><img decoding="async" width="575" height="1024" data-id="53" src="https://www.feuges.fr/wp-content/uploads/2022/01/vitrail-575x1024.jpg" alt="" class="wp-image-53" srcset="https://www.feuges.fr/wp-content/uploads/2022/01/vitrail-575x1024.jpg 575w, https://www.feuges.fr/wp-content/uploads/2022/01/vitrail-168x300.jpg 168w, https://www.feuges.fr/wp-content/uploads/2022/01/vitrail-768x1369.jpg 768w, https://www.feuges.fr/wp-content/uploads/2022/01/vitrail-862x1536.jpg 862w, https://www.feuges.fr/wp-content/uploads/2022/01/vitrail-1149x2048.jpg 1149w, https://www.feuges.fr/wp-content/uploads/2022/01/vitrail-1568x2795.jpg 1568w, https://www.feuges.fr/wp-content/uploads/2022/01/vitrail-scaled.jpg 1436w" sizes="(max-width: 575px) 100vw, 575px" /></figure>



<figure class="wp-block-image size-large"><img decoding="async" width="1024" height="574" data-id="20" src="https://www.feuges.fr/wp-content/uploads/2022/01/eglise-dedans-1-1024x574.jpg" alt="" class="wp-image-20" srcset="https://www.feuges.fr/wp-content/uploads/2022/01/eglise-dedans-1-1024x574.jpg 1024w, https://www.feuges.fr/wp-content/uploads/2022/01/eglise-dedans-1-300x168.jpg 300w, https://www.feuges.fr/wp-content/uploads/2022/01/eglise-dedans-1-768x431.jpg 768w, https://www.feuges.fr/wp-content/uploads/2022/01/eglise-dedans-1-1536x862.jpg 1536w, https://www.feuges.fr/wp-content/uploads/2022/01/eglise-dedans-1-2048x1149.jpg 2048w, https://www.feuges.fr/wp-content/uploads/2022/01/eglise-dedans-1-1568x880.jpg 1568w" sizes="(max-width: 1024px) 100vw, 1024px" /></figure>



<figure class="wp-block-image size-large"><img loading="lazy" decoding="async" width="574" height="1024" data-id="10" src="https://www.feuges.fr/wp-content/uploads/2022/01/christ-574x1024.jpg" alt="" class="wp-image-10" srcset="https://www.feuges.fr/wp-content/uploads/2022/01/christ-574x1024.jpg 574w, https://www.feuges.fr/wp-content/uploads/2022/01/christ-168x300.jpg 168w, https://www.feuges.fr/wp-content/uploads/2022/01/christ-768x1369.jpg 768w, https://www.feuges.fr/wp-content/uploads/2022/01/christ-862x1536.jpg 862w, https://www.feuges.fr/wp-content/uploads/2022/01/christ-1149x2048.jpg 1149w, https://www.feuges.fr/wp-content/uploads/2022/01/christ-1568x2795.jpg 1568w, https://www.feuges.fr/wp-content/uploads/2022/01/christ-scaled.jpg 1436w" sizes="(max-width: 574px) 100vw, 574px" /></figure>
</figure>



<p>À l’occasion des travaux de l’église, nous avons eu le privilège d’en tutoyer la cloche et de l’examiner au plus près.</p>



<p><br>Elle porte le joli nom de&nbsp;«&nbsp; Marie Bernadette&nbsp;», elle a pour parrain sieur Charles Delamar, négociant à Troyes et pour marraine son épouse dame Lucie-Estelle. Elle a été fondue en 1888 par les établissements PINTANDRE fondeur à Vitry-le-François.</p>



<p>Elle indique que le Maire s’appelait déjà Bourgeois mais Celestin, que l’adjoint portait le nom de Désiré Feugé, alors que le curé se nommait Hughe.</p>



<p></p>


<div class="wp-block-image">
<figure class="aligncenter size-full"><img loading="lazy" decoding="async" width="224" height="168" src="https://www.feuges.fr/wp-content/uploads/2022/01/cloche.jpg" alt="" class="wp-image-12"/></figure>
</div>

<p>Feuges fait partie de l&rsquo;ensemble paroissial de Charmont sous Barbuise. Il est composé de 7 communes : Aubeterre, Charmont sous Barbuise, Feuges, Luyères, Montsuzain, Vailly et Voué. Cet ensemble fait partie de l&rsquo;espace Plaine et Lacs dont le coordinateur est l’Abbé Narcisse ELEMBA. Notre ensemble paroissial &#8211; l’Abbé Narcisse ELEMBA, prêtre modérateur des quatre ensembles&nbsp;: Arcis sur [&hellip;]</p>
